1849 (base 10) in base 5?
-24344
Convert 5b2d (base 14) to base 11.
10a60
Convert 100101001111011 (base 2) to base 16.
4a7b
Convert -330 (base 9) to base 15.
-130
69f (base 16) to base 3
2022210
Convert -1144 (base 7) to base 10.
-424
Convert 11524 (base 6) to base 7.
4660
-2051 (base 12) to base 6
-24141
5865 (base 13) to base 5
344140
2606 (base 7) to base 9
1315
410430 (base 6) to base 2
111111100110010
Convert -7b (base 14) to base 16.
-6d
What is 123411 (base 5) in base 12?
2988
8c8 (base 16) to base 3
10002021
Convert -277 (base 12) to base 6.
-1431
What is 26d7 (base 16) in base 8?
23327
303332 (base 4) to base 16
cfe
-15140 (base 11) to base 14
-7b6d
Convert 212141 (base 5) to base 8.
16003
-281 (base 11) to base 5
-2311
31420 (base 5) to base 8
4076
-8bd1 (base 15) to base 6
-345211
Convert -19406 (base 13) to base 9.
-74212
24224 (base 10) to base 16
5ea0
What is -880 (base 15) in base 8?
-3600
-152 (base 11) to base 5
-1203
What is 5d (base 14) in base 15?
58
Convert -2014 (base 5) to base 7.
-520
10010100101 (base 2) to base 6
5301
Convert -8555 (base 9) to base 13.
-2b28
What is 2012110 (base 3) in base 15?
720
34a9 (base 14) to base 5
243130
55 (base 12) to base 15
45
What is 83c9 (base 14) in base 16?
58bd
Convert -20212112 (base 4) to base 11.
-24510
What is -325 (base 7) in base 10?
-166
What is -1554 (base 13) in base 10?
-3111
Convert -310462 (base 7) to base 3.
-2200210021
Convert -2353 (base 14) to base 12.
-3685
Convert -6a01 (base 11) to base 12.
-53a5
-766 (base 11) to base 9
-1231
What is 2102230 (base 4) in base 14?
35c8
Convert 6933 (base 12) to base 8.
26667
Convert 3012003 (base 4) to base 9.
18343
-111000101100 (base 2) to base 8
-7054
What is -416 (base 8) in base 3?
-101000
-365 (base 11) to base 7
-1160
What is 6418 (base 13) in base 2?
11011000110111
Convert d2c (base 15) to base 2.
101110010111
4040 (base 10) to base 5
112130
What is 65fe (base 16) in base 8?
62776
Convert -4364 (base 15) to base 13.
-6658
Convert -679 (base 16) to base 5.
-23112
What is 1165 (base 7) in base 16?
1b7
-30224 (base 7) to base 11
-5554
Convert -5623 (base 8) to base 2.
-101110010011
Convert -5253 (base 7) to base 12.
-10a3
What is 1000001101 (base 2) in base 3?
201110
-7076 (base 9) to base 12
-2bb0
What is 111 (base 4) in base 5?
41
Convert -5551 (base 16) to base 2.
-101010101010001
Convert 4b6 (base 13) to base 8.
1471
What is -4211 (base 12) in base 11?
-5468
Convert 2663 (base 8) to base 10.
1459
159 (base 14) to base 4
10103
Convert 2614 (base 7) to base 13.
5b3
What is -a08 (base 14) in base 4?
-132300
What is -166 (base 10) in base 4?
-2212
-31dc (base 14) to base 10
-8622
-50e (base 16) to base 7
-3526
Convert 20323312 (base 4) to base 11.
25551
-2f2 (base 16) to base 14
-3bc
1001011110011111 (base 2) to base 11
27187
Convert 15 (base 8) to base 10.
13
-76430 (base 8) to base 13
-11765
111 (base 14) to base 10
211
Convert 5741 (base 14) to base 7.
62111
Convert -1032 (base 5) to base 13.
-ac
Convert 2215 (base 10) to base 12.
1347
What is 122313 (base 4) in base 13?
a23
What is 10001110010 (base 2) in base 16?
472
861 (base 12) to base 16
4c9
420 (base 12) to base 13
372
What is -11001200 (base 3) in base 9?
-4050
What is -2d4 (base 15) in base 12?
-461
1454 (base 11) to base 16
752
-10bd (base 15) to base 13
-1804
Convert -1bb8 (base 13) to base 4.
-1001233
What is 47810 (base 10) in base 9?
72522
168 (base 11) to base 13
120
Convert -66521 (base 7) to base 15.
-4e4e
101100100000 (base 2) to base 3
10220111
What is 378 (base 9) in base 10?
314
What is -d316 (base 15) in base 12?
-21963
What is b07 (base 14) in base 3?
2222010
111516 (base 7) to base 15
5d09
-1112021202 (base 3) to base 6
-351202
490d (base 15) to base 8
36262
19 (base 12) to base 10
21
Convert 121 (base 4) to base 8.
31
What is -1010011110 (base 2) in base 4?
-22132
What is -46 (base 15) in base 8?
-102
3020012 (base 4) to base 13
5aa1
What is -510 (base 10) in base 14?
-286
-24434 (base 6) to base 5
-103442
Convert -1727 (base 11) to base 5.
-32312
-111011011 (base 2) to base 7
-1246
Convert -17aa3 (base 15) to base 16.
-12b6d
What is 101322203 (base 4) in base 11?
50149
Convert 220 (base 12) to base 5.
2222
What is -12337 (base 8) in base 16?
-14df
Convert -15471 (base 9) to base 14.
-3c0a
Convert -203 (base 14) to base 4.
-12023
1001111100101 (base 2) to base 9
6878
Convert 102042 (base 5) to base 16.
d45
What is 10010 (base 4) in base 9?
318
Convert -bca (base 13) to base 12.
-1209
2a37 (base 14) to base 15
234c
Convert -1058 (base 14) to base 2.
-101100000110
Convert 91 (base 13) to base 16.
76
-55c (base 14) to base 10
-1062
What is 11110001 (base 2) in base 9?
287
Convert -2b9 (base 15) to base 3.
-212010
What is -1646 (base 7) in base 13?
-3c8
100000111001111 (base 2) to base 4
10013033
Convert 10010010 (base 3) to base 7.
6423
1663 (base 16) to base 12
3397
-2927 (base 10) to base 11
-2221
-111333 (base 4) to base 7
-4050
-8236 (base 9) to base 4
-1132023
24163 (base 8) to base 12
5bab
What is 12222112 (base 3) in base 6?
32105
What is 110313 (base 7) in base 8?
45645
6996 (base 15) to base 2
101011110010000
Convert 1322 (base 12) to base 11.
1708
Convert 10110011110100 (base 2) to base 10.
11508
Convert 33222 (base 5) to base 11.
1812
Convert 463e (base 15) to base 12.
8765
Convert 4004 (base 5) to base 3.
200200
Convert -111101011 (base 2) to base 15.
-22b
Convert a6 (base 11) to base 5.
431
111430 (base 6) to base 3
110222000
Convert 2021011 (base 3) to base 5.
23101
Convert -313 (base 14) to base 13.
-377
Convert 1010100101 (base 2) to base 14.
365
Convert 53560 (base 7) to base 15.
3e31
What is -114434 (base 5) in base 8?
-10421
What is 7455 (base 9) in base 4?
1111211
-34030 (base 8) to base 3
-201200212
Convert 1010020222 (base 3) to base 6.
250042
143411 (base 7) to base 8
65774
652 (base 12) to base 2
1110011110
What is -196 (base 16) in base 10?
-406
Convert -5b91 (base 13) to base 4.
-3022202
-44 (base 6) to base 12
-24
What is -532 (base 11) in base 6?
-2544
-302 (base 7) to base 3
-12112
-10535 (base 8) to base 6
-32325
24435 (base 9) to base 6
203522
4000 (base 5) to base 2
111110100
What is -130200 (base 4) in base 5?
-24244
What is -6f1 (base 16) in base 3?
-2102211
What is -10022013 (base 4) in base 3?
-212100210
What is -20301103 (base 4) in base 14?
-d13d
-53215 (base 7) to base 8
-31530
Convert 10022011 (base 3) to base 2.
100101100111
-591 (base 12) to base 15
-3a4
-141522 (base 8) to base 14
-14318
What is -1110100001001010 (base 2) in base 13?
-210b4
Convert 900 (base 11) to base 3.
1111100
What is -3899 (base 12) in base 11?
-4937
Convert -2780 (base 10) to base 13.
-135b
8e25 (base 16) to base 3
1211220202
What is 10896 (base 11) in base 6?
200430
Convert -5d (base 14) to base 6.
-215
What is -2122 (base 3) in base 11?
-65
Convert -14552 (base 6) to base 13.
-1106
1211233 (base 4) to base 11
498a
Convert -ba8 (base 15) to base 4.
-221021
Convert 2a053 (base 12) to base 14.
17611
-4056 (base 7) to base 16
-585
-45a6 (base 13) to base 12
-57a1
Convert 11306 (base 7) to base 12.
1815
What is 3213120 (base 4) in base 7?
61113
-131534 (base 7) to base 4
-12000233
What is -320 (base 14) in base 9?
-754
1011000000101 (base 2) to base 15
1a0c
Convert 5452 (base 6) to base 13.
758
-1362 (base 8) to base 14
-3bc
111100101101 (base 2) to base 13
19cb
Convert 27132 (base 9) to base 11.
12859
Convert 32241 (base 5) to base 16.
894
What is 1b20 (base 13) in base 2?
111111110010
What is -1ff0 (base 16) in base 4?
-1333300
-3615 (base 8) to base 4
-132031
What is -1345 (base 9) in base 13?
-5cc
-963 (base 15) to base 4
-201012
Convert 4212 (base 12) to base 6.
53222
1030 (base 10) to base 14
538
Convert -ef9 (base 16) to base 8.
-7371
-42612 (base 9) to base 4
-12320213
What is -119a9 (base 15) in base 3?
-2212001220
Convert 48 (base 10) to base 8.
60
What is 41441 (base 7) in base 13?
4826
What is -8332 (base 9) in base 15?
-1c1e
-1b0 (base 13) to base 16
-138
What is -50d (base 15) in base 8?
-2162
33135 (base 6) to base 12
27ab
What is 487 (base 13) in base 15?
377
2334 (base 7) to base 4
31122
1132021 (base 4) to base 16
1789
Convert -100101111001 (base 2) to base 8.
-4571
Convert cef6 (base 16) to base 12.
267b2
Convert -100